377. What is i(-7)?
19
Let c(z) = 3*z**3 + 24*z**2 - 5*z - 43. Determine c(-8).
-3
Let n(a) = -2*a**3 - 199*a**2 - 104*a - 494. What is n(-99)?
1
Let m(n) = -34*n**3 + 2*n**2 + n - 3. What is m(-1)?
32
Let p(f) = 30*f - 678. What is p(21)?
-48
Let t(w) = w**3 + 9*w**2 + 14*w + 155. Calculate t(-7).
155
Let m(k) = k**2 - 3*k - 58. Give m(-9).
50
Let k(g) = g**3 + 17*g**2 - 45*g - 19. Calculate k(-19).
114
Let y(r) = -208*r - 19559. Give y(-94).
-7
Let r(q) = -3*q**2 + 32*q + 64. Determine r(13).
-27
Let z(u) = -u**3 + 12*u**2 - 2*u - 6. Calculate z(10).
174
Let c(l) = 20*l**3 + 3*l**2 - 9*l + 6. Calculate c(3).
546
Let f(h) = -7*h**3 + 55*h**2 - 52*h + 488. Give f(8).
8
Let z(l) = -3*l**3 + 77*l**2 - 245*l + 67. What is z(22)?
1
Let y(r) = -12*r + 83. Determine y(12).
-61
Let z(q) = q**2 - 14*q + 7. What is z(4)?
-33
Let g(p) = -p**3 - 6*p**2 + 61*p + 4. Calculate g(5).
34
Let t(g) = g**2 - 23*g - 978. What is t(-22)?
12
Let u(l) = -3*l**2 - 20*l + 243. Give u(-13).
-4
Let t(w) = -8*w**2 - 29*w + 61. Calculate t(-5).
6
Let k(l) = -11*l**2 + 66*l + 6. Give k(5).
61
Let g(m) = -3*m**2 + 81*m + 158. Calculate g(26).
236
Let k(p) = -370*p - 1479. Determine k(-4).
1
Let a(n) = 3606*n + 25238. Determine a(-7).
-4
Let v(i) = -2*i**3 + 219*i**2 - 143*i + 3702. Determine v(109).
-4
Let h(y) = 12*y**2 - 767*y - 61. Give h(64).
3
Let j(q) = -181*q**2 + 8327*q - 32. Give j(46).
14
Let g(v) = v**2 - 506*v + 21572. Give g(47).
-1
Let l(m) = m**3 - 9*m**2 - 255*m - 33. What is l(-12)?
3
Let f(p) = 3*p**3 + 12*p**2 - 7*p - 56. Give f(-4).
-28
Let y(q) = -q**2 + 57*q + 465. Determine y(-8).
-55
Let i(q) = -q**3 - 7*q**2 + 16*q - 16. Determine i(-8).
-80
Let i(j) = -4*j**2 + 89*j - 494. Give i(8).
-38
Let l(w) = -134*w + 5692. Give l(42).
64
Let h(o) = 152*o - 669. Calculate h(5).
91
Let r(n) = -153*n - 949. Determine r(-5).
-184
Let h(b) = -56*b - 1234. Give h(-22).
-2
Let c(p) = -4*p**3 - 154*p**2 - 90*p - 544. Give c(-38).
-12
Let k(b) = -b**3 - 58*b**2 - 168*b - 57. Determine k(-55).
108
Let w(h) = h**3 + 77*h**2 + 361*h + 78. Give w(-72).
6
Let f(h) = -11*h**3 - 132*h**2 - 37*h - 440. Determine f(-12).
4
Let w(v) = -78*v + 1505. Determine w(22).
-211
Let g(z) = z**2 - 22*z - 4689. Calculate g(80).
-49
Let t(h) = h**3 - 112*h**2 - 359*h + 1615. What is t(115)?
5
Let y(r) = 13*r**2 + 231*r - 33. Determine y(-18).
21
Let k(m) = 3*m**2 - 2*m. Determine k(4).
40
Let d(r) = r**3 - 19*r**2 - 259*r + 94. What is d(28)?
-102
Let t(z) = 4*z**2 - 33*z + 14. Give t(6).
-40
Let q(g) = -9*g**2 - 160*g - 623. Give q(-4).
-127
Let w(y) = 15*y - 173. Calculate w(18).
97
Let n(d) = -d**2 + 21*d + 3431. Give n(-49).
1
Let g(h) = -h**3 + 15*h**2 + 247*h - 3609. Calculate g(16).
87
Let a(q) = 10*q**3 - 10*q**2 + 6*q + 2. Give a(2).
54
Let y(f) = f**2 - 9*f + 31. Determine y(2).
17
Let h(r) = r**3 - 24*r**2 + 37*r + 75. Determine h(22).
-79
Let l(q) = -645*q + 4508. What is l(7)?
-7
Let m(u) = 2*u**2 - 9*u - 270. Determine m(12).
-90
Let x(m) = -14*m**2 - 254*m - 39. Calculate x(-18).
-3
Let x(c) = 9*c**2 + 19*c + 43. Calculate x(0).
43
Let d(i) = i**2 + 93*i + 958. Calculate d(-11).
56
Let t(d) = -5*d - 22. What is t(-2)?
-12
Let r(f) = -5*f**3 + 44*f**2 + 6*f + 16. What is r(9)?
-11
Let m(z) = -96*z - 702. What is m(-19)?
1122
Let d(i) = -i**3 - 14*i**2 - 15*i + 1. Give d(-13).
27
Let m(o) = 11*o**2 + 44*o + 11. Determine m(-4).
11
Let x(g) = 239*g + 36087. What is x(-151)?
-2
Let y(z) = z**2 - 249*z - 1270. Determine y(-5).
0
Let t(u) = -539*u - 6009. Determine t(-11).
-80
Let z(d) = -2*d**3 + d**2 - 10*d - 33. Determine z(-3).
60
Let c(u) = -20*u**2 + 136*u + 201. Determine c(8).
9
Let a(b) = b**3 + 51*b**2 - b - 84. What is a(-51)?
-33
Let x(o) = o**3 + 12*o**2 - 55*o - 15. Calculate x(4).
21
Let l(t) = -549*t - 547. What is l(-1)?
2
Let p(i) = -143*i - 1649. Calculate p(-9).
-362
Let d(g) = g**2 - 399*g - 7503. Determine d(-18).
3
Let j(h) = -h**3 - 135*h**2 - 2*h - 214. Determine j(-135).
56
Let s(l) = -90*l + 899. Determine s(10).
-1
Let p(g) = -83*g - 409. Calculate p(-11).
504
Let s(c) = 206*c - 17. Give s(0).
-17
Let o(l) = 107*l**2 - 1390*l + 38. Calculate o(13).
51
Let v(c) = -2*c**2 - 191*c - 4134. Determine v(-59).
173
Let x(c) = -c**2 + 56*c - 646. Calculate x(24).
122
Let z(t) = 718*t - 6464. What is z(9)?
-2
Let w(i) = -589*i + 7078. Calculate w(12).
10
Let s(m) = -22*m + 35. What is s(-4)?
123
Let l(d) = -12*d**3 - 2*d**2 - 17*d - 34. Determine l(-2).
88
Let d(b) = -820*b**3 + 24*b**2 - 24*b - 1. Calculate d(1).
-821
Let k(a) = 23*a - 1130. Give k(49).
-3
Let n(h) = -3*h**2 + 54*h - 69. Give n(16).
27
Let b(y) = y**2 + 104*y - 15517. Give b(83).
4
Let j(r) = 76*r + 6815. Determine j(-92).
-177
Let o(n) = n**2 + 218*n - 29332. Determine o(94).
-4
Let f(x) = 3*x**3 - 31*x**2 - 51*x - 70. Give f(12).
38
Let a(u) = -16*u + 77. Give a(8).
-51
Let j(r) = 11*r**2 - 255*r + 1460. Calculate j(11).
-14
Let f(p) = -p**2 - 155*p + 22717. Calculate f(-247).
-7
Let h(b) = -2*b**2 + 132*b + 611. Determine h(70).
51
Let b(j) = -12*j - 107. What is b(-25)?
193
Let m(r) = -19*r**2 - 22*r + 582. Determine m(5).
-3
Let b(o) = 66*o**2 - 418*o + 26. What is b(6)?
-106
Let n(q) = -3*q**2 + 61*q - 238. Determine n(22).
-348
Let r(b) = 2*b**3 + 29*b**2 - 21*b - 45. What is r(-15)?
45
Let d(p) = p**2 + 100*p + 2298. Give d(-66).
54
Let o(i) = 941*i**2 - 5659*i + 79. What is o(6)?
1
Let k(q) = 42*q**2 + 15*q + 11. What is k(-1)?
38
Let r(b) = b**3 + 13*b**2 - 64*b - 869. What is r(-13)?
-37
Let v(u) = 5*u**2 - 194*u + 198. What is v(38)?
46
Let x(o) = 533*o + 92. Determine x(0).
92
Let j(v) = 18*v + 240. What is j(-18)?
-84
Let d(j) = j**2 + 91*j - 587. Determine d(6).
-5
Let t(p) = -p**3 - 13*p**2 + 6*p + 76. What is t(-14)?
188
Let t(h) = -h**2 - 389*h - 1156. What is t(-3)?
2
Let a(c) = c**3 + 26*c**2 + 137*c + 11. Give a(-6).
-91
Let j(x) = -4*x + 167. Give j(37).
19
Let s(z) = -80*z + 235. Give s(2).
75
Let o(t) = -t**3 + 13*t**2 - 14*t - 204. Determine o(8).
4
Let i(a) = 16*a - 842. Calculate i(52).
-10
Let t(x) = -1110*x - 26690. What is t(-24)?
-50
Let j(s) = 102*s - 111. Determine j(1).
-9
Let s(n) = -210*n - 1088. Give s(-5).
-38
Let f(n) = 4*n**3 - 6*n**2 + 5*n + 7. Give f(2).
25
Let v(h) = -h**3 - 72*h**2 - 331*h + 198. Give v(-67).
-70
Let l(m) = -8*m**2 + 10*m - 100. Give l(8).
-532
Let a(s) = -49*s**2 - 1521*s - 67. Determine a(-31).
-5
Let q(p) = 15017*p - 45053. Calculate q(3).
-2
Let r(p) = p**3 + 2*p**2 - 32*p - 85. Determine r(-4).
11
Let u(a) = 2*a**2 - 119*a + 82. Calculate u(59).
23
Let c(y) = -y**2 - 66*y - 312. Determine c(-5).
-7
Let c(t) = -t**2 - 104*t - 754. What is c(-96)?
14
Let j(d) = 2*d**2 + 10*d - 39. Determine j(-7).
-11
Let c(k) = -38*k - 413. What is c(-11)?
5
Let x(r) = -39*r + 559. Calculate x(15).
-26
Let i(y) = 2*y**3 - 50*y**2 - 233*y + 41. Calculate i(29).
12
Let o(p) = -21*p - 495. Give o(-23).
-12
Let x(l) = -49*l - 163. Determine x(-6).
131
Let d(q) = -3*q**3 + 2*q**2 - 170*q - 172. Determine d(-1).
3
Let v(z) = -355*z - 12362. Determine v(-35).
63
Let s(o) = -111*o - 2004. Calculate s(-18).
-6
Let h(j) = 34*j + 2875. What is h(-84)?
19
Let y(z) = 1324*z + 21193. Give y(-16).
9
Let g(c) = -65*c + 275. Calculate g(4).
15
Let c(s) = -7*s**2 + 2*s + 9. Give c(4).
-95
Let b(t) = t**3 - 3*t**2 - 127*t - 34. Determine b(13).
5
Let y(q) = 8*q**2 + 166*q + 387. What is y(-18)?
-9
Let q(l) = -l**2 + 359*l + 11227. Give q(-29).
-25
Let z(b) = -43*b**2 + 6*b - 7. Calculate z(5).
-1052
Let h(c) = 29*c**2 - 3*c + 2. Give h(-1).
34
Let q(x) = -x**3 + 35*x**2 + 64*x + 382. What is q(37)?
12
Let q(f) = 2*f**3 - 27*f**2 + 109*f + 12. Give q(6).
126
Let r(i) = -i**3 + 2*i**2 - 3*i - 12. Give r(7).
-278
Let c(b) = -42*b + 312. Calculate c(7).
18
Let x(a) = -259*a + 5438. Calculate x(21).
-1
Let h(x) = 3*x**3 + 7*x**2 + 14*x + 15. Determine h(-3).
-45
Let z(v) = -1518*v + 22769. Calculate z(15).
-1
Let o(y) = y**3 + 11*y**2 + 233*y + 1935. Determine o(-9).
0
Let i(p) = -p**2 - 76*p + 399. What is i(5)?
-6
Let h(w) = 436*w + 25281. Determine h(-58).
-7
Let b(n) = 71*n**2 + 7*n + 3. Calculate b(-1).
67
Let q(h) = -2*h**2 - 32*h - 99. What is q(-3)?
-21
Let v(y) = -2237*y - 22384. Give v(-10).
-14
Let z(j) = -167*j + 2166. What is z(13)?
-5
Let u(q) = -28*q 